-n + 19 = 15. Suppose 5*a - 54 = 4*r, 0 = -a - a - n*r + 44. What is the units digit of a?
4
Let z(m) = 3 - m**3 + 6*m**2 - 3 - 5*m - 2 + m. What is the units digit of z(5)?
3
Let n be 2/(-3) + (-22)/(-6). Suppose -408 = -25*m - 83. Suppose 0*g - 4*i = -g + m, -g - n*i = -41. What is the units digit of g?
9
Suppose 0 = -6*s + 182 - 44. Let q = 30 - s. Let r(x) = x**2 - 2. What is the units digit of r(q)?
7
Let u = 29 - -603. Suppose 0 = k - 5*k + u. What is the hundreds digit of k?
1
Let f(y) = -63*y + 67. What is the units digit of f(-5)?
2
Suppose -5*c = -4230 - 1130. What is the hundreds digit of c?
0
Let k(t) = -t**2 - 20*t - 4. Let y be k(-18). What is the units digit of (-1*334 - -2)*(-8)/y?
3
What is the tens digit of ((-14)/(-2) - -15)*352/4?
3
Let r be (30/(-4))/5*-436. Suppose 11*d + 93 = r. What is the units digit of d?
1
Suppose -5*h + 672 = -h. Suppose -5*g - 2*g = h. Let d = g - -36. What is the units digit of d?
2
Suppose i + 137 = 3*v, 5*i - 5*v + 261 = -434. Let s = i + 265. What is the hundreds digit of s?
1
Suppose 5*l + 20 = -5*b, -3*l - 13 = -3*b + 7*b. What is the units digit of (-1)/b + -5 + 69?
5
What is the tens digit of 1228/(-1 - -5) + -3?
0
Let f be (2 - (-21)/(-9)) + 2/(-3). Let r(v) = -17*v + 1. What is the tens digit of r(f)?
1
Let t(o) = 16*o + 48. What is the tens digit of t(-2)?
1
Suppose -2*n - 56 = b, -n - 2 = -2*b + 16. Let t = 143 - n. What is the hundreds digit of t?
1
Let r be ((-2)/4)/((-11)/(-330)). Let u = -7 - r. Suppose 33 = p + u. What is the tens digit of p?
2
Let k(a) = -7*a - 71. Suppose 7 = -x - 3*j, 3*x = -0*x + 4*j - 86. What is the tens digit of k(x)?
8
Let q be 3 + -8 - -8 - -6. Let v(k) be the third derivative of k**6/120 - k**5/6 + 5*k**4/12 + 11*k**3/6 + 2*k**2. What is the units digit of v(q)?
0
Let x(p) = p**3 - 20*p**2 + 2*p + 12. What is the hundreds digit of x(21)?
4
Suppose 2*z - 1306 = -2*z + 5*f, 2*z - f - 650 = 0. Suppose 5*v - 414 = 2*q, -q = -4*v - 3*q + z. What is the units digit of v?
2
Let u(w) = -4*w**3 + 5*w**3 + 4 - w - 6*w + 7*w**2. Let q be u(-6). Let h = q - 49. What is the units digit of h?
3
Let k(u) = 3*u**2 + 8*u + 2. Let a(p) = 10*p**2 + 25*p + 7. Let x(z) = 2*a(z) - 7*k(z). Let c be x(-3). Let l = c - 5. What is the units digit of l?
4
Suppose 0 = -3*o - 4*g - 28, 0*g + 2*g = 10. Suppose -k = -0*k + 2. What is the tens digit of (-8075)/(-152) - k/o?
5
Let m(p) = 168*p**3 - 2*p**2 + 10*p - 4. What is the hundreds digit of m(2)?
3
What is the hundreds digit of (13/26)/((-1)/(-1096))*1?
5
Suppose -3*q + 2*w + 3290 = w, -4*q = -w - 4387. What is the units digit of q?
7
Let d(m) = 13*m - 8. Let t be d(3). Let n be 1/((2 + -1)/9). Let x = t - n. What is the units digit of x?
2
Let q be (4 + 593)/3*1. Suppose 0 = -4*n - 3*w + 401, -2*w - 1 + q = 2*n. What is the tens digit of n?
0
Suppose 7*d = 12*d - 3*a - 6714, -4*a - 5368 = -4*d. What is the thousands digit of d?
1
Let n = -72 + -162. What is the tens digit of 2/(-1)*(n/4)/3?
3
Let b = 16 - -65. What is the tens digit of b?
8
Let o(y) = y**2 + 18*y - 2. Let z be o(-11). Let j = z + 179. What is the hundreds digit of j?
1
Suppose -s = -f + 3*s + 63, 2*f - s = 105. Suppose 2 - 5 = -3*c. Suppose 2*x + 130 = 5*y, -2*y = -x - c - f. What is the units digit of y?
6
Suppose 2*b = 5*b + 4*l - 11, 2 = -4*b + 3*l. What is the units digit of (2 - 0) + -2 + b?
1
Let t be -7*(2 + -4 + 110/(-35)). What is the hundreds digit of 358/(0 - -2) - (t - 33)?
1
Let v = 96 + 215. What is the tens digit of v?
1
Let s(q) = -q**2 + 13*q. Let v be s(13). Suppose v = 2*h + 2*h - 64. What is the units digit of h?
6
What is the units digit of (-1 - 12/(-21)) + 1272420/315?
9
Suppose -1300 = -46*v + 2702. What is the units digit of v?
7
Suppose 364 = -9*g + 16*g. Suppose -5*l = -6*l + g. What is the tens digit of l?
5
Suppose 3*v = 7*v - 2748. What is the hundreds digit of v?
6
Suppose -25515 = -243*g + 228*g. What is the hundreds digit of g?
7
Let g = 2 - -1. Suppose 7*v - g*l - 27 = 2*v, 0 = 3*v - 5*l - 29. Suppose -5*p = -3*j + 56, 2*p = 5*p + v. What is the units digit of j?
7
Let y(t) = -t**3 + 7*t**2 - 5*t - 3. Let s be y(6). Let j be 1*-1*(3 - s). Suppose j = -5*q + 121 + 79. What is the tens digit of q?
4
Let l(s) = 16*s**3 - 3*s**2 - 10*s - 5. What is the tens digit of l(4)?
3
Let b(h) = -h**2 + 7*h + 14. Let k be b(8). What is the tens digit of (43 - 2)/(-5 + k)?
4
What is the units digit of (-270 + -7)/((15/(-6))/5)?
4
Suppose 4*u = -7*u. Suppose p - 2*b - 274 = u, -b = -7 + 2. What is the tens digit of p?
8
Let q(v) = -9*v + 2. Let c be q(-4). Suppose 0 = 7*g + 179 + c. Let x = 53 + g. What is the units digit of x?
2
Let c = 2 + 40. Let o be (24/14)/(4/c). What is the tens digit of o*1*(-4)/(-6)?
1
Let q be 2 + -29 - (-1 + 3). What is the units digit of 6/2*q/(-1)?
7
Let z(s) = -3*s - 5. Let c(y) = -y + 1. Let f(x) = -2*c(x) + z(x). Let b be f(-8). What is the units digit of 1/b + 165/5?
4
Let a be -1 + (4 - -4 - 2). Suppose 11 = -2*c - a. What is the tens digit of (c/(-12) - -2)*21?
5
Suppose 8427 - 652 = 5*i. What is the units digit of i?
5
Let y be (1 - (0 + 0))*5. Suppose 856 = y*u + 3*u. What is the units digit of u?
7
Let b = -17 - -13. Let s be (-6 - (-8 - b))*-7. What is the tens digit of 4/s - (-927)/63?
1
Let o(h) be the third derivative of -13*h**4/24 - h**3/6 + 6*h**2. Let f(d) = -d. Let x(v) = 6*f(v) - o(v). What is the units digit of x(4)?
9
Let r(l) = l**2 + 6*l - 11. Let f be r(-8). Suppose -2*t + 11 + f = 0. What is the units digit of (t/3)/(10/45)?
2
Let f(k) = -6*k**3 - 2*k**2 - k + 3. Suppose 3*d = 2*o + d + 10, 2*d = 5*o + 10. Let c = -2 - o. What is the units digit of f(c)?
5
Let y(o) = o**3 + 12*o**2 + 9*o - 5. Let r(i) = i**3 + 16*i**2 + 2*i + 24. Let s be r(-16). What is the hundreds digit of y(s)?
1
Suppose 2*v = -2, 3*h + 0*v = -v + 47. Let y = 12 - h. What is the units digit of (84/9)/(y/(-6))?
4
Suppose q - 4 + 1 = 0. Suppose -q*k = -3*z + 57, -2*z + 6*z = 5*k + 74. What is the tens digit of z?
2
Suppose 5*w - 5*y = 1330, -y + 1 = 4. What is the hundreds digit of w?
2
Let q(l) = -l**3 + 9*l**2 + 10*l. Let b be q(10). Suppose -m + 4*t + 37 = b, -m - 5*t + 1 = -0*t. What is the units digit of m?
1
Suppose 0 = -3*q + 4457 + 2980. What is the hundreds digit of q?
4
Let h(o) = 244*o + 319. What is the tens digit of h(5)?
3
Suppose -l = -r - 5, -3*r + 2*l - 5*l + 15 = 0. Suppose 2*o + 10 = r, 0 = -4*a + 2*a + 2*o + 14. Suppose -j + a = j. What is the units digit of j?
1
Suppose -5194 = -9*t + 1295. What is the units digit of t?
1
What is the units digit of (49 - 8) + -6 - 7?
8
Suppose -c + 5794 = 4*m, -4*c + 5796 = 4*m - 2*c. What is the thousands digit of m?
1
Let r = -192 - -312. Let t be (-3)/(-4)*1*4. Suppose -r = -l - t*l. What is the units digit of l?
0
Let f be (1 - -5)*2/(-3). What is the tens digit of f/14 + (-7688)/(-56)?
3
Let s(n) = -n**2 - 15*n + 8. Suppose 5*x - 4 + 44 = 0. What is the tens digit of s(x)?
6
Let r = 24 - -47. Suppose r*v = 75*v - 1152. What is the tens digit of v?
8
Let x(b) = 4*b - 13 + 2*b + 10. What is the tens digit of x(4)?
2
Suppose -6*v + 18900 = 22*v. What is the tens digit of v?
7
Let m be (-2637)/(-36) - (-2)/(-8). Suppose -5*s - 203 + m = -5*r, -3*r + 63 = 2*s. What is the units digit of r?
3
Let t(u) = 3*u + 10. Let p be t(-8). Suppose x = -514 + 3394. What is the tens digit of x/84 + 4/p?
3
Let r(l) = -9 + 0 + 8*l + 0 + 14*l. What is the tens digit of r(3)?
5
Let x(p) = -10*p**3 + 11*p**2 + 24*p + 48. What is the tens digit of x(-7)?
4
Let z(p) = 2*p**2 + p + 4. Suppose k = 2*c + 12, 3*c + 5 = 5*k - 27. Suppose -4*v + k*s - 24 = 0, -5*v - 3*s + s - 16 = 0. What is the units digit of z(v)?
2
Let h be 2 + -2*9*-1. Suppose h + 15 = 5*m. Suppose -d = k - 60 + m, -5*d + 250 = 2*k. What is the units digit of d?
8
What is the units digit of ((-5)/2)/(-5)*(-13 - -59)?
3
What is the units digit of -148*(-5 - (8 + 4)/(-3))?
8
Let k(v) = -v**2 - 9*v - 16. Let c be k(-5). Suppose 4*l = -q + 218, -5*l - 4*q + 62 = -c*l. What is the tens digit of l?
5
Let f(b) = -b**3 - 15*b**2 + 19*b - 16. What is the hundreds digit of f(-17)?
2
What is the units digit of 12*(-6 + 3)/(-12)?
3
Let y(a) = -5*a**3 - 2 + 13*a**2 + 4*a**3 - 11*a**2 + 4*a**3 + 2*a. What is the tens digit of y(2)?
3
S